greatest common divisor of u and f?
3
Let g(x) = x**3 + 12*x**2 + 46*x + 176. Let t be g(-7). Calculate the highest common factor of t and 176.
11
Let s(p) = p**2 - 23*p - 93. Let j be s(-5). Suppose 35*f + 2304 = j*f. What is the greatest common divisor of 24 and f?
24
Let h = 138 - 144. Let y be 49/h*-10 + 35/(-21). What is the greatest common factor of y and 30?
10
Let m = -4693 + -14788. Let g be 1/3 + (m/(-21))/(-11). Let l = 98 + g. What is the highest common divisor of 154 and l?
14
Let j be (2 + -6)*(-329)/4. Suppose -3*h = -6*h - 4*k + 149, -2*k = 4*h - 192. What is the highest common factor of h and j?
47
Let j = 3599 - 3519. What is the highest common factor of j and 32?
16
Suppose -25*k - 8*k = -223 - 932. Let q = 34 + -20. Calculate the greatest common factor of q and k.
7
Let y(w) = 90*w**2 - 11*w - 84*w**2 + 18*w + 5. Let o be y(-5). Suppose -5*r + 2*c = -118, 4*r + 6*c = 3*c + 99. What is the highest common divisor of o and r?
24
Let o = -566 + 874. Calculate the greatest common factor of 220 and o.
44
Let l(c) = 75*c + 3469. Let x be l(-46). Calculate the highest common factor of x and 45.
1
Suppose y + 1 = 0, -4*v - v - 8 = 3*y. Let r be (4 - (0 + -2)) + v. Let o = 1553 + -1552. What is the greatest common factor of r and o?
1
Let m = -1911 + 4503. Suppose 27*y - m = 25*y. Suppose 4*h = -8*h + y. What is the highest common factor of h and 27?
27
Let c be -14 - 130/(-13)*2. Calculate the greatest common factor of c and 2634.
6
Let j be -3*(-10)/(-10)*(2 + -55 - -4). Calculate the greatest common divisor of 693 and j.
21
Let w be -8*(-6)/(-96)*444*-1. What is the highest common divisor of 1924 and w?
74
Suppose -2*w + 3*y = -6*w + 195, 0 = -5*w + y + 239. Suppose z = 2*k + 420, 9*k - 11*k - 2052 = -5*z. What is the highest common factor of z and w?
24
Suppose 5*h = -2*t + 479, 2*h - 144 - 92 = -t. Calculate the highest common divisor of 1295 and t.
37
Suppose -m + 28 = v, -m = 21*v - 24*v - 56. What is the greatest common factor of m and 415?
5
Suppose -y = -2*i - 379, 2*i - 24 + 22 = 0. Calculate the highest common divisor of 1 and y.
1
Let j = 668 + -304. Let k = j - 108. What is the greatest common factor of 32 and k?
32
Let y = -10071 - -10103. What is the greatest common factor of y and 2584?
8
Let t(w) = -1933*w - 80. Let p be t(-1). Calculate the greatest common factor of 17 and p.
17
Let m(n) = n**3 + 16*n**2 + 30*n + 35. Let v be m(-14). Let w be v + -4 + 0 + -1. Let s = 2 - 0. What is the greatest common divisor of s and w?
2
Let j = -5754 - -5845. What is the greatest common divisor of j and 221?
13
Let w(o) = -o**3 + 26*o**2 - 26*o + 36. Let t be w(17). Suppose -4*b + 5*b - 441 = -2*n, -5*b - 5*n + t = 0. Calculate the highest common divisor of 19 and b.
19
Suppose -205 = -15*w + 185. Suppose 16 = w*d - 114. Suppose 0*s - 2*s + 80 = 0. Calculate the greatest common factor of s and d.
5
Suppose -q + 11060 - 10961 = 0. Let g = 27 - -138. What is the highest common divisor of g and q?
33
Suppose 3*o + 859 = 1074 + 1660. What is the greatest common divisor of o and 400?
25
Let s = -1009 + 1025. Suppose v = 2*w - 1293, s*v + 641 = w + 21*v. Calculate the highest common divisor of w and 76.
38
Suppose 2804 + 91 = 20*v - 1245. Let a(g) = g**3 + 5. Let l be a(4). What is the highest common factor of v and l?
69
Let f = -14524 + 14560. Let z = 239 - 131. What is the greatest common divisor of z and f?
36
Suppose 4*c - 954 = 5*f - 922, 0 = -5*c - 4*f + 81. What is the greatest common divisor of c and 24869?
13
Suppose -2*g = 4, -2*b - 5*g - 2929 = b. Let h be 15/6 + b/(-14). What is the greatest common divisor of 84 and h?
12
Let v = -231 + 76. Let p = 177 + v. Suppose 7 - 3 = 2*s. Calculate the highest common factor of s and p.
2
Suppose -6*a = -10*a - 3*g + 242, 0 = a - 5*g - 26. What is the greatest common factor of a and 35?
7
Let u be (-1 + -1 + 12 + -10)/1. Suppose 2*f + 7 - 15 = u. Let j be f/((-48)/(-9))*4. Calculate the highest common divisor of j and 1.
1
Suppose 0 = 4*q - 1831 + 1603. Calculate the highest common divisor of 57 and q.
57
Let l(u) = 4*u**2 + 35*u - 604. Let f be l(9). What is the greatest common divisor of f and 6755?
35
Suppose -2 - 14 = 4*f. Let a(o) = -o**3 + 6*o - 4. Let n be a(f). Let r = -1357 + 1393. What is the greatest common divisor of n and r?
36
Let d be ((-506)/1265)/(2/130*-1). What is the greatest common divisor of d and 1872?
26
Let m = -12 + -2. Let q be (m + 4)/(-5) + -1. Suppose -2*h + 3*h - q = 0. Calculate the highest common factor of h and 5.
1
Let y be 10/35 + (500/14)/1. Let c = 52 - y. Suppose 0 = -2*m + 46 + 82. Calculate the greatest common factor of c and m.
16
Let w be 9919/52*-18*-2. Calculate the highest common divisor of 63 and w.
63
Let s be -4 + 10 - (-2 + -3 + 0 + -32648). What is the greatest common divisor of s and 11?
11
Let y be ((-4708)/56 - 2/(-28))*-6. Suppose 0*o + o - 173 = -3*x, -x + 46 = -2*o. Calculate the highest common divisor of y and x.
56
Suppose i - 229 = -72. Suppose -5*h = -i - 3. Let p(r) = -r**3 - 9*r**2 + 3*r + 10. Let v be p(-10). What is the highest common factor of v and h?
16
Suppose 8*d + 319 = 911. Suppose 5*c + p - 16 + 63 = 0, 4*p + 8 = 0. Let v = d + c. Calculate the highest common divisor of 13 and v.
13
Suppose 2119*k - 2147*k + 2268 = 0. What is the highest common factor of k and 6966?
81
Let v be (114/(-24))/((-24)/960). Calculate the highest common factor of 22990 and v.
190
Let z(l) = -7*l**3 - 566*l**2 + 82*l + 153. Let r be z(-81). Calculate the highest common divisor of r and 1476.
36
Let w = 145 - 85. Suppose -w = 2*u + u. Let z be ((-25)/u)/((-1)/(-32)). Calculate the highest common divisor of z and 10.
10
Let b(i) = -8*i - 40. Let n be b(-8). Suppose 0 = 4*p - 18 + 6. Suppose p*a + 3*h = a + 57, h + 113 = 3*a. What is the highest common divisor of a and n?
12
Let o be -126*(-1*1/8 - 87/72). What is the highest common divisor of 861 and o?
21
Suppose 22*i - 14*i = 816. Suppose 6*j + 2*m = 5*j + 38, -i = -4*j + 2*m. Calculate the greatest common divisor of j and 8.
4
Let j = -71 + 129. Let i be 6/(192/3148) + 3/(-8). Let u = i - j. Calculate the highest common factor of 360 and u.
40
Let m(l) = 12*l**2 - 189*l - 1992. Let g be m(-11). What is the highest common divisor of 171 and g?
171
Suppose -218005 = -93*o + 268385. Calculate the greatest common divisor of o and 10.
10
Suppose 5*s + 3*v = 3128, 15*v + 3129 = 5*s + 19*v. What is the greatest common divisor of 100 and s?
25
Suppose 4*v - 10*q = -14*q + 76, -4*v + 5*q = -40. What is the greatest common factor of 350 and v?
5
Let x = -46 + 55. Let t = x + -59. Let f = -6 - t. Calculate the highest common divisor of 66 and f.
22
Let a be 15*(2/3 - -2). Let w = 7825 + -7820. What is the greatest common divisor of w and a?
5
Let u = -72 + 153. Suppose -u = -12*w + 123. Suppose 425 = 2*r + 3*r. Calculate the highest common divisor of r and w.
17
Suppose -i - 81 = -2*i. Let n be (-245)/(-98)*36/10. Suppose -51*b - n = -52*b. Calculate the greatest common factor of i and b.
9
Let p = 7 + -4. Suppose -45 = -p*c - 18. Suppose -4*i = 34*f - 31*f - 405, 2*i + 2*f - 204 = 0. What is the greatest common divisor of i and c?
9
Let j = -1151 - -1253. Calculate the highest common factor of 2346 and j.
102
Let p(t) = t**3 - 10*t**2 - 26*t - 23. Let o be p(13). Let x = o - 111. Calculate the greatest common divisor of 560 and x.
35
Let g(h) = 2*h**2 - 14*h - 165. Let s be g(-37). Calculate the greatest common divisor of s and 11.
11
Let b(x) = 2367*x**2 - x - 5*x + 52 - 2376*x**2 + 3*x**3. Let n be b(6). Calculate the greatest common divisor of n and 40.
20
Suppose 3*v + 14*k = 12*k + 159, -2*v + 90 = 4*k. Calculate the greatest common divisor of v and 1311.
57
Let q = 998 - 620. What is the highest common factor of q and 546?
42
Let l = -267 - -81. Let i = l - -195. What is the highest common divisor of i and 99?
9
Suppose -13*u + 116 = 16*u. Let g(x) = 4*x + 1. Let j be g(u). Calculate the greatest common divisor of 323 and j.
17
Suppose -3*m - 7105 = -2*w, 4*w - 14468 = 3*m - 261. What is the highest common divisor of w and 67?
67
Let f be 872/40 - 11/(-5). What is the greatest common factor of 852 and f?
12
Suppose g - 15 = -y, 0*y + 5*g + 9 = 2*y. Let s = -57 - -93. Calculate the gr